he hundred thousands digit of 66541331?
5
What is the hundred millions digit of 2142397346?
1
What is the ten millions digit of 537922152?
3
What is the millions digit of 104543764?
4
What is the ten thousands digit of 126428850?
2
What is the ten thousands digit of 67406701?
0
What is the ten thousands digit of 1425755629?
5
What is the units digit of 56691068?
8
What is the tens digit of 25500837?
3
What is the hundreds digit of 614004827?
8
What is the units digit of 2900942612?
2
What is the hundreds digit of 43295730?
7
What is the millions digit of 2187625058?
7
What is the tens digit of 309915788?
8
What is the units digit of 1389492901?
1
What is the tens digit of 1506591746?
4
What is the thousands digit of 875398061?
8
What is the thousands digit of 188885433?
5
What is the units digit of 21592306?
6
What is the hundred millions digit of 110029009?
1
What is the tens digit of 172540985?
8
What is the tens digit of 122592663?
6
What is the hundred millions digit of 109363279?
1
What is the tens digit of 8534384?
8
What is the ten thousands digit of 63745107?
4
What is the ten millions digit of 1099546687?
9
What is the units digit of 29973915?
5
What is the thousands digit of 141338788?
8
What is the units digit of 830797570?
0
What is the millions digit of 141935392?
1
What is the hundreds digit of 64021761?
7
What is the thousands digit of 881737357?
7
What is the hundred thousands digit of 309929394?
9
What is the thousands digit of 732260216?
0
What is the hundred millions digit of 430309066?
4
What is the hundreds digit of 128617743?
7
What is the ten thousands digit of 1160044993?
4
What is the hundreds digit of 1279224902?
9
What is the ten millions digit of 15775817?
1
What is the hundred millions digit of 364085977?
3
What is the billions digit of 1099387714?
1
What is the ten thousands digit of 4525389598?
8
What is the hundreds digit of 4352297443?
4
What is the units digit of 56883695?
5
What is the hundred millions digit of 6193577713?
1
What is the ten thousands digit of 60589821?
8
What is the units digit of 38901609?
9
What is the ten millions digit of 1313208572?
1
What is the hundreds digit of 13219973?
9
What is the hundred thousands digit of 58825451?
8
What is the ten thousands digit of 193511785?
1
What is the tens digit of 230091713?
1
What is the hundred thousands digit of 56043339?
0
What is the tens digit of 36754869?
6
What is the units digit of 1097915934?
4
What is the hundred millions digit of 210491994?
2
What is the tens digit of 363963762?
6
What is the tens digit of 1382748773?
7
What is the ten millions digit of 80120768?
8
What is the billions digit of 3823573089?
3
What is the hundreds digit of 374520585?
5
What is the thousands digit of 165020180?
0
What is the ten millions digit of 155946335?
5
What is the ten millions digit of 253266553?
5
What is the ten millions digit of 91583314?
9
What is the hundreds digit of 81186423?
4
What is the millions digit of 3678302036?
8
What is the millions digit of 81025861?
1
What is the hundred thousands digit of 2467991?
4
What is the thousands digit of 1567027283?
7
What is the millions digit of 1597460319?
7
What is the hundreds digit of 258155195?
1
What is the ten millions digit of 47723040?
4
What is the tens digit of 34172479?
7
What is the units digit of 437389691?
1
What is the millions digit of 60726369?
0
What is the hundred thousands digit of 32266016?
2
What is the hundred thousands digit of 1731585415?
5
What is the units digit of 2029377?
7
What is the thousands digit of 229552269?
2
What is the tens digit of 25136392?
9
What is the ten thousands digit of 28551041?
5
What is the hundreds digit of 563774127?
1
What is the ten millions digit of 94004772?
9
What is the tens digit of 604974719?
1
What is the ten thousands digit of 44631803?
3
What is the units digit of 17900981?
1
What is the units digit of 526994880?
0
What is the tens digit of 2017720739?
3
What is the hundred thousands digit of 604098117?
0
What is the hundred millions digit of 8390246748?
3
What is the millions digit of 366229876?
6
What is the hundreds digit of 36925455?
4
What is the millions digit of 3068454209?
8
What is the ten thousands digit of 4008883?
0
What is the tens digit of 6280421425?
2
What is the hundred millions digit of 425081289?
4
What is the billions digit of 1356862445?
1
What is the ten thousands digit of 86311616?
1
What is the ten millions digit of 302590231?
0
What is the millions digit of 3119066775?
9
What is the thousands digit of 2563752248?
2
What is the hundreds digit of 536740595?
5
What is the units digit of 8637707926?
6
What is the units digit of 461130847?
7
What is the ten thousands digit of 70955291?
5
What is the ten millions digit of 68706824?
6
What is the hundreds digit of 124753504?
5
What is the millions digit of 18547218?
8
What is the hundreds digit of 1394263267?
2
What is the units digit of 50617930?
0
What is the thousands digit of 3960550600?
0
What is the tens digit of 805973777?
7
What is the hundred thousands digit of 53561055?
5
What is the hundred millions digit of 486977847?
4
What is the units digit of 1238763855?
5
What is the tens digit of 57356542?
4
What is the thousands digit of 298252573?
2
What is the hundred millions digit of 4017921411?
0
What is the tens digit of 54518591?
9
What is the hundreds digit of 867008965?
9
What is the millions digit of 102579294?
2
What is the tens digit of 1144857028?
2
What is the thousands digit of 1265495408?
5
What is the units digit of 3430211?
1
What is the hundreds digit of 223226794?
7
What is the ten thousands digit of 19004464?
0
What is the ten thousands digit of 117506575?
0
What is the ten thousands digit of 1469710307?
1
What is the hundred thousands digit of 219476177?
4
What is the ten thousands digit of 12329139?
2
What is the ten thousands digit of 188431572?
3
What is the millions digit of 14354349?
4
What is the ten millions digit of 56536883?
5
What is the ten thousands digit of 16333575?
3
What is the ten millions digit of 203966490?
0
What is the ten thousands digit of 33492957?
9
What is the hundred millions digit of 175752742?
1
What is the tens digit of 254331067?
6
What is the ten thousands digit of 49195689?
9
What is the units digit of 612483119?
9
What is the ten thousands digit of 2110538882?
3
What is the hundreds digit of 1646725532?
5
What is the tens digit of 1981390896?
9
What is the millions digit of 62882588?
2
What is the ten millions digit of 7207420664?
0
What is the millions digit of 664552391?
4
What is the ten millions digit of 788776252?
8
What is the millions digit of 58693540?
8
What is the hundred millions digit of 1169273905?
1
What is the hundred thousands digit of 861857057?
8
What is the tens digit of 450532413?
1
What is the hundred thousands digit of 62985871?
9
What is the units digit of 90146160?
0
What is the ten thousands digit of 3171968296?
6
What is the ten millions digit of 3160070517?
6
What is the millions digit of 413414986?
3
What is the units digit of 758072182?
2
What is the millions digit of 736806290?
6
What is the units digit of 80893516?
6
What is the hundred millions digit of 3404444038?
4
What is the hundred thousands digit of 19916852?
9
What is the hundreds digit of 8354660869?
8
What is the hundred millions digit of 1638526574?
6
What is the hundreds digit of 552880979?
9
What is the hundred thousands digit of 2490194483?
1
What is the ten thousands digit of 1834800427?
0
What is the hundred millions digit of 2657790817?
6
What is the billions digit of 1819558033?
1
What is the millions digit of 39930159?
9
What is the hundred millions digit of 3065625561?
0
What is the hundred thousands digit of 14024082?
0
What is the hundred millions digit of 146952820?
1
What is the units digit of 246720866?
6
What is the ten millions digit of 2404473265?
0
What is the billions digit of 5453368979?
5
What is the ten millions digit of 2268256547?
6
What is the thousands digit of 253394413?
4
What is the ten thousands digit of 352064004?
6
What is the tens digit of 239384598?
9
What is the tens digit of 81690599?
9
What is the thousands digit of 8809183756?
3
What is the tens digit of 223972973?
7
What is the ten mil